{"id":1795,"date":"2020-03-01T09:52:53","date_gmt":"2020-03-01T09:52:53","guid":{"rendered":"https:\/\/luisnaon.com\/?page_id=1795"},"modified":"2023-07-10T12:23:26","modified_gmt":"2023-07-10T12:23:26","slug":"pedagogic-activity","status":"publish","type":"page","link":"https:\/\/luisnaon.com\/en\/luis-naon\/pedagogic-activity\/","title":{"rendered":"Pedagogic activity"},"content":{"rendered":"<div class=\"post-excerpt\">\n<address><img loading=\"lazy\" decoding=\"async\" class=\"alignnone size-full wp-image-182\" src=\"https:\/\/luisnaon.com\/wp-content\/uploads\/2014\/11\/cadre_agenda19.jpg\" alt=\"cadre_agenda19\" width=\"700\" height=\"240\" srcset=\"https:\/\/luisnaon.com\/wp-content\/uploads\/2014\/11\/cadre_agenda19.jpg 700w, https:\/\/luisnaon.com\/wp-content\/uploads\/2014\/11\/cadre_agenda19-300x102.jpg 300w\" sizes=\"auto, (max-width: 700px) 100vw, 700px\" \/><span style=\"font-size: 12px;\">Photo: Arthur P\u00e9quin<\/span><\/address>\n<p>Dans le domaine de l\u2019enseignement Luis Na\u00f3n\u00a0prend la responsabilit\u00e9 du D\u00e9partement de Composition et Nouvelles Technologies du Conservatoire National Sup\u00e9rieur de Musique de Paris en 2001. Il a contribu\u00e9 largement \u00e0 la formation de la jeune g\u00e9n\u00e9ration de compositeurs en France.<\/p>\n<\/div>\n<div class=\"post-content\">\n<ul>\n<li><strong><span style=\"color: #800000;\">1983\/91<\/span><\/strong> Professeur d&#8217;Harmonie et Analyse, Conservatoire de Noisy-le-Sec, France.<\/li>\n<li><strong><span style=\"color: #800000;\">1984\/87<\/span><\/strong> S\u00e9minaires et Stages de Musique Electroacoustique:<br \/>\nSalon de la Musique, La D\u00e9fense, France.<br \/>\nMairie de Elboeff, Normandie, France.<br \/>\nCentre d\u2019Action Culturelle, Dieppe, France.<br \/>\nGroupe de Recherche Musicale, Nanterre, France.<\/li>\n<li><span style=\"color: #800000;\"><strong>1988<\/strong><\/span> Seminaire \u201cMusique Contemporaine en Europe\u201d Universidad Nacional de La Plata, Argentine (Juillet- Ao\u00fbt)<\/li>\n<li><strong><span style=\"color: #800000;\">1990\/91<\/span><\/strong> Professeur de Musique Electroacoustique, Universit\u00e9 Rabelais de Tours, Centre de Formation des Musiciens Intervenants.<\/li>\n<li><strong><span style=\"color: #800000;\">1991<\/span><\/strong> Professeur Charg\u00e9 de cours de Composition et Nouvelles Technologies au Conservatoire National Sup\u00e9rieur de Musique de Paris.<\/li>\n<li><strong><span style=\"color: #800000;\">1993<\/span><\/strong> Membre du Jury du Prix CIM-UNESCO.<\/li>\n<li><strong><span style=\"color: #800000;\">1993<\/span><\/strong> Jury des bourses Ashberg-UNESCO.<\/li>\n<li><span style=\"color: #800000;\"><strong>1997<\/strong><\/span> Repr\u00e9sentant de la Tribune International de Compositeurs.<br \/>\n&#8211; 2001 Responsable du D\u00e9partement de Composition et Nouvelles Technologie du Conservatoire National Sup\u00e9rieur de Musique de Paris.<\/li>\n<li><strong><span style=\"color: #800000;\">2002<\/span><\/strong> Professeur Invit\u00e9, Master Class et Cours de Composition \u00e0 la Musikh\u00f6gskolan de l\u2019Universit\u00e9 de G\u00f6teborg \u2013 Su\u00e8de. Professeur Invit\u00e9, Master Class et Cours de Composition \u00e0 la Hochschule de Vienne.<\/li>\n<li><strong><span style=\"color: #800000;\">2003<\/span><\/strong> Nomination par concours public international en tant que Professeur de Composition de la Escola Superior de M\u00fasica de Catalunya.<\/li>\n<li><strong><span style=\"color: #800000;\">2006<\/span><\/strong> Nomination par concours Professeur d\u2019Electroacoustique \u00e0 la HEM \u00e0 Gen\u00e8ve.<\/li>\n<\/ul>\n<\/div>\n","protected":false},"excerpt":{"rendered":"<p>Photo: Arthur P\u00e9quin Dans le domaine de l\u2019enseignement Luis Na\u00f3n\u00a0prend la responsabilit\u00e9 du D\u00e9partement de Composition et Nouvelles Technologies du Conservatoire National Sup\u00e9rieur de Musique de Paris en 2001. Il a contribu\u00e9 largement \u00e0 la formation de la jeune g\u00e9n\u00e9ration de compositeurs en France. 1983\/91 Professeur d&#8217;Harmonie et Analyse, Conservatoire de Noisy-le-Sec, France. 1984\/87 S\u00e9minaires &hellip; <a href=\"https:\/\/luisnaon.com\/en\/luis-naon\/pedagogic-activity\/\" class=\"more-link\">Continue reading <span class=\"screen-reader-text\">Pedagogic activity<\/span> <span class=\"meta-nav\">&rarr;<\/span><\/a><\/p>\n","protected":false},"author":2,"featured_media":0,"parent":1778,"menu_order":3,"comment_status":"closed","ping_status":"closed","template":"","meta":{"jetpack_post_was_ever_published":false,"footnotes":""},"class_list":["post-1795","page","type-page","status-publish","hentry"],"yoast_head":"<!-- This site is optimized with the Yoast SEO plugin v27.5 - https:\/\/yoast.com\/product\/yoast-seo-wordpress\/ -->\n<title>Pedagogic activity - Luis Na\u00f3n \/ compositeur<\/title>\n<meta name=\"robots\" content=\"index, follow, max-snippet:-1, max-image-preview:large, max-video-preview:-1\" \/>\n<link rel=\"canonical\" href=\"https:\/\/luisnaon.com\/en\/luis-naon\/pedagogic-activity\/\" \/>\n<meta property=\"og:locale\" content=\"en_US\" \/>\n<meta property=\"og:type\" content=\"article\" \/>\n<meta property=\"og:title\" content=\"Pedagogic activity - Luis Na\u00f3n \/ compositeur\" \/>\n<meta property=\"og:description\" content=\"Photo: Arthur P\u00e9quin Dans le domaine de l\u2019enseignement Luis Na\u00f3n\u00a0prend la responsabilit\u00e9 du D\u00e9partement de Composition et Nouvelles Technologies du Conservatoire National Sup\u00e9rieur de Musique de Paris en 2001. Il a contribu\u00e9 largement \u00e0 la formation de la jeune g\u00e9n\u00e9ration de compositeurs en France. 1983\/91 Professeur d&#8217;Harmonie et Analyse, Conservatoire de Noisy-le-Sec, France. 1984\/87 S\u00e9minaires &hellip; Continue reading Pedagogic activity &rarr;\" \/>\n<meta property=\"og:url\" content=\"https:\/\/luisnaon.com\/en\/luis-naon\/pedagogic-activity\/\" \/>\n<meta property=\"og:site_name\" content=\"Luis Na\u00f3n \/ compositeur\" \/>\n<meta property=\"article:modified_time\" content=\"2023-07-10T12:23:26+00:00\" \/>\n<meta property=\"og:image\" content=\"https:\/\/luisnaon.com\/wp-content\/uploads\/2014\/11\/cadre_agenda19.jpg\" \/>\n<meta name=\"twitter:label1\" content=\"Est. reading time\" \/>\n\t<meta name=\"twitter:data1\" content=\"2 minutes\" \/>\n<script type=\"application\/ld+json\" class=\"yoast-schema-graph\">{\"@context\":\"https:\\\/\\\/schema.org\",\"@graph\":[{\"@type\":\"WebPage\",\"@id\":\"https:\\\/\\\/luisnaon.com\\\/en\\\/luis-naon\\\/pedagogic-activity\\\/\",\"url\":\"https:\\\/\\\/luisnaon.com\\\/en\\\/luis-naon\\\/pedagogic-activity\\\/\",\"name\":\"Pedagogic activity - Luis Na\u00f3n \\\/ compositeur\",\"isPartOf\":{\"@id\":\"https:\\\/\\\/luisnaon.com\\\/#website\"},\"primaryImageOfPage\":{\"@id\":\"https:\\\/\\\/luisnaon.com\\\/en\\\/luis-naon\\\/pedagogic-activity\\\/#primaryimage\"},\"image\":{\"@id\":\"https:\\\/\\\/luisnaon.com\\\/en\\\/luis-naon\\\/pedagogic-activity\\\/#primaryimage\"},\"thumbnailUrl\":\"https:\\\/\\\/luisnaon.com\\\/wp-content\\\/uploads\\\/2014\\\/11\\\/cadre_agenda19.jpg\",\"datePublished\":\"2020-03-01T09:52:53+00:00\",\"dateModified\":\"2023-07-10T12:23:26+00:00\",\"breadcrumb\":{\"@id\":\"https:\\\/\\\/luisnaon.com\\\/en\\\/luis-naon\\\/pedagogic-activity\\\/#breadcrumb\"},\"inLanguage\":\"en-US\",\"potentialAction\":[{\"@type\":\"ReadAction\",\"target\":[\"https:\\\/\\\/luisnaon.com\\\/en\\\/luis-naon\\\/pedagogic-activity\\\/\"]}]},{\"@type\":\"ImageObject\",\"inLanguage\":\"en-US\",\"@id\":\"https:\\\/\\\/luisnaon.com\\\/en\\\/luis-naon\\\/pedagogic-activity\\\/#primaryimage\",\"url\":\"https:\\\/\\\/luisnaon.com\\\/wp-content\\\/uploads\\\/2014\\\/11\\\/cadre_agenda19.jpg\",\"contentUrl\":\"https:\\\/\\\/luisnaon.com\\\/wp-content\\\/uploads\\\/2014\\\/11\\\/cadre_agenda19.jpg\"},{\"@type\":\"BreadcrumbList\",\"@id\":\"https:\\\/\\\/luisnaon.com\\\/en\\\/luis-naon\\\/pedagogic-activity\\\/#breadcrumb\",\"itemListElement\":[{\"@type\":\"ListItem\",\"position\":1,\"name\":\"Accueil\",\"item\":\"https:\\\/\\\/luisnaon.com\\\/en\\\/\"},{\"@type\":\"ListItem\",\"position\":2,\"name\":\"Luis Na\u00f3n\",\"item\":\"https:\\\/\\\/luisnaon.com\\\/en\\\/luis-naon\\\/\"},{\"@type\":\"ListItem\",\"position\":3,\"name\":\"Pedagogic activity\"}]},{\"@type\":\"WebSite\",\"@id\":\"https:\\\/\\\/luisnaon.com\\\/#website\",\"url\":\"https:\\\/\\\/luisnaon.com\\\/\",\"name\":\"Luis Na\u00f3n \\\/ compositeur\",\"description\":\"\",\"potentialAction\":[{\"@type\":\"SearchAction\",\"target\":{\"@type\":\"EntryPoint\",\"urlTemplate\":\"https:\\\/\\\/luisnaon.com\\\/?s={search_term_string}\"},\"query-input\":{\"@type\":\"PropertyValueSpecification\",\"valueRequired\":true,\"valueName\":\"search_term_string\"}}],\"inLanguage\":\"en-US\"}]}<\/script>\n<!-- \/ Yoast SEO plugin. -->","yoast_head_json":{"title":"Pedagogic activity - Luis Na\u00f3n \/ compositeur","robots":{"index":"index","follow":"follow","max-snippet":"max-snippet:-1","max-image-preview":"max-image-preview:large","max-video-preview":"max-video-preview:-1"},"canonical":"https:\/\/luisnaon.com\/en\/luis-naon\/pedagogic-activity\/","og_locale":"en_US","og_type":"article","og_title":"Pedagogic activity - Luis Na\u00f3n \/ compositeur","og_description":"Photo: Arthur P\u00e9quin Dans le domaine de l\u2019enseignement Luis Na\u00f3n\u00a0prend la responsabilit\u00e9 du D\u00e9partement de Composition et Nouvelles Technologies du Conservatoire National Sup\u00e9rieur de Musique de Paris en 2001. Il a contribu\u00e9 largement \u00e0 la formation de la jeune g\u00e9n\u00e9ration de compositeurs en France. 1983\/91 Professeur d&#8217;Harmonie et Analyse, Conservatoire de Noisy-le-Sec, France. 1984\/87 S\u00e9minaires &hellip; Continue reading Pedagogic activity &rarr;","og_url":"https:\/\/luisnaon.com\/en\/luis-naon\/pedagogic-activity\/","og_site_name":"Luis Na\u00f3n \/ compositeur","article_modified_time":"2023-07-10T12:23:26+00:00","og_image":[{"url":"https:\/\/luisnaon.com\/wp-content\/uploads\/2014\/11\/cadre_agenda19.jpg","type":"","width":"","height":""}],"twitter_misc":{"Est. reading time":"2 minutes"},"schema":{"@context":"https:\/\/schema.org","@graph":[{"@type":"WebPage","@id":"https:\/\/luisnaon.com\/en\/luis-naon\/pedagogic-activity\/","url":"https:\/\/luisnaon.com\/en\/luis-naon\/pedagogic-activity\/","name":"Pedagogic activity - Luis Na\u00f3n \/ compositeur","isPartOf":{"@id":"https:\/\/luisnaon.com\/#website"},"primaryImageOfPage":{"@id":"https:\/\/luisnaon.com\/en\/luis-naon\/pedagogic-activity\/#primaryimage"},"image":{"@id":"https:\/\/luisnaon.com\/en\/luis-naon\/pedagogic-activity\/#primaryimage"},"thumbnailUrl":"https:\/\/luisnaon.com\/wp-content\/uploads\/2014\/11\/cadre_agenda19.jpg","datePublished":"2020-03-01T09:52:53+00:00","dateModified":"2023-07-10T12:23:26+00:00","breadcrumb":{"@id":"https:\/\/luisnaon.com\/en\/luis-naon\/pedagogic-activity\/#breadcrumb"},"inLanguage":"en-US","potentialAction":[{"@type":"ReadAction","target":["https:\/\/luisnaon.com\/en\/luis-naon\/pedagogic-activity\/"]}]},{"@type":"ImageObject","inLanguage":"en-US","@id":"https:\/\/luisnaon.com\/en\/luis-naon\/pedagogic-activity\/#primaryimage","url":"https:\/\/luisnaon.com\/wp-content\/uploads\/2014\/11\/cadre_agenda19.jpg","contentUrl":"https:\/\/luisnaon.com\/wp-content\/uploads\/2014\/11\/cadre_agenda19.jpg"},{"@type":"BreadcrumbList","@id":"https:\/\/luisnaon.com\/en\/luis-naon\/pedagogic-activity\/#breadcrumb","itemListElement":[{"@type":"ListItem","position":1,"name":"Accueil","item":"https:\/\/luisnaon.com\/en\/"},{"@type":"ListItem","position":2,"name":"Luis Na\u00f3n","item":"https:\/\/luisnaon.com\/en\/luis-naon\/"},{"@type":"ListItem","position":3,"name":"Pedagogic activity"}]},{"@type":"WebSite","@id":"https:\/\/luisnaon.com\/#website","url":"https:\/\/luisnaon.com\/","name":"Luis Na\u00f3n \/ compositeur","description":"","potentialAction":[{"@type":"SearchAction","target":{"@type":"EntryPoint","urlTemplate":"https:\/\/luisnaon.com\/?s={search_term_string}"},"query-input":{"@type":"PropertyValueSpecification","valueRequired":true,"valueName":"search_term_string"}}],"inLanguage":"en-US"}]}},"jetpack_sharing_enabled":true,"jetpack_shortlink":"https:\/\/wp.me\/P8dE3Z-sX","jetpack-related-posts":[],"_links":{"self":[{"href":"https:\/\/luisnaon.com\/en\/wp-json\/wp\/v2\/pages\/1795","targetHints":{"allow":["GET"]}}],"collection":[{"href":"https:\/\/luisnaon.com\/en\/wp-json\/wp\/v2\/pages"}],"about":[{"href":"https:\/\/luisnaon.com\/en\/wp-json\/wp\/v2\/types\/page"}],"author":[{"embeddable":true,"href":"https:\/\/luisnaon.com\/en\/wp-json\/wp\/v2\/users\/2"}],"replies":[{"embeddable":true,"href":"https:\/\/luisnaon.com\/en\/wp-json\/wp\/v2\/comments?post=1795"}],"version-history":[{"count":0,"href":"https:\/\/luisnaon.com\/en\/wp-json\/wp\/v2\/pages\/1795\/revisions"}],"up":[{"embeddable":true,"href":"https:\/\/luisnaon.com\/en\/wp-json\/wp\/v2\/pages\/1778"}],"wp:attachment":[{"href":"https:\/\/luisnaon.com\/en\/wp-json\/wp\/v2\/media?parent=1795"}],"curies":[{"name":"wp","href":"https:\/\/api.w.org\/{rel}","templated":true}]}}

<div class="post-excerpt">
<address><img loading="lazy" decoding="async" class="alignnone size-full wp-image-182" src="https://luisnaon.com/wp-content/uploads/2014/11/cadre_agenda19.jpg" alt="cadre_agenda19" width="700" height="240" srcset="https://luisnaon.com/wp-content/uploads/2014/11/cadre_agenda19.jpg 700w, https://luisnaon.com/wp-content/uploads/2014/11/cadre_agenda19-300x102.jpg 300w" sizes="auto, (max-width: 700px) 100vw, 700px" /><span style="font-size: 12px;">Photo: Arthur Péquin</span></address>
<p>Dans le domaine de l’enseignement Luis Naón prend la responsabilité du Département de Composition et Nouvelles Technologies du Conservatoire National Supérieur de Musique de Paris en 2001. Il a contribué largement à la formation de la jeune génération de compositeurs en France.</p>
</div>
<div class="post-content">
<ul>
<li><strong><span style="color: #800000;">1983/91</span></strong> Professeur d&#8217;Harmonie et Analyse, Conservatoire de Noisy-le-Sec, France.</li>
<li><strong><span style="color: #800000;">1984/87</span></strong> Séminaires et Stages de Musique Electroacoustique:<br />
Salon de la Musique, La Défense, France.<br />
Mairie de Elboeff, Normandie, France.<br />
Centre d’Action Culturelle, Dieppe, France.<br />
Groupe de Recherche Musicale, Nanterre, France.</li>
<li><span style="color: #800000;"><strong>1988</strong></span> Seminaire “Musique Contemporaine en Europe” Universidad Nacional de La Plata, Argentine (Juillet- Août)</li>
<li><strong><span style="color: #800000;">1990/91</span></strong> Professeur de Musique Electroacoustique, Université Rabelais de Tours, Centre de Formation des Musiciens Intervenants.</li>
<li><strong><span style="color: #800000;">1991</span></strong> Professeur Chargé de cours de Composition et Nouvelles Technologies au Conservatoire National Supérieur de Musique de Paris.</li>
<li><strong><span style="color: #800000;">1993</span></strong> Membre du Jury du Prix CIM-UNESCO.</li>
<li><strong><span style="color: #800000;">1993</span></strong> Jury des bourses Ashberg-UNESCO.</li>
<li><span style="color: #800000;"><strong>1997</strong></span> Représentant de la Tribune International de Compositeurs.<br />
&#8211; 2001 Responsable du Département de Composition et Nouvelles Technologie du Conservatoire National Supérieur de Musique de Paris.</li>
<li><strong><span style="color: #800000;">2002</span></strong> Professeur Invité, Master Class et Cours de Composition à la Musikhögskolan de l’Université de Göteborg – Suède. Professeur Invité, Master Class et Cours de Composition à la Hochschule de Vienne.</li>
<li><strong><span style="color: #800000;">2003</span></strong> Nomination par concours public international en tant que Professeur de Composition de la Escola Superior de Música de Catalunya.</li>
<li><strong><span style="color: #800000;">2006</span></strong> Nomination par concours Professeur d’Electroacoustique à la HEM à Genève.</li>
</ul>
</div>

<p>Photo: Arthur Péquin Dans le domaine de l’enseignement Luis Naón prend la responsabilité du Département de Composition et Nouvelles Technologies du Conservatoire National Supérieur de Musique de Paris en 2001. Il a contribué largement à la formation de la jeune génération de compositeurs en France. 1983/91 Professeur d&#8217;Harmonie et Analyse, Conservatoire de Noisy-le-Sec, France. 1984/87 Séminaires &hellip; <a href="https://luisnaon.com/en/luis-naon/pedagogic-activity/" class="more-link">Continue reading <span class="screen-reader-text">Pedagogic activity</span> <span class="meta-nav">&rarr;</span></a></p>

<!-- This site is optimized with the Yoast SEO plugin v27.5 - https://yoast.com/product/yoast-seo-wordpress/ -->
<title>Pedagogic activity - Luis Naón / compositeur</title>
<meta name="robots" content="index, follow, max-snippet:-1, max-image-preview:large, max-video-preview:-1" />
<link rel="canonical" href="https://luisnaon.com/en/luis-naon/pedagogic-activity/" />
<meta property="og:locale" content="en_US" />
<meta property="og:type" content="article" />
<meta property="og:title" content="Pedagogic activity - Luis Naón / compositeur" />
<meta property="og:description" content="Photo: Arthur Péquin Dans le domaine de l’enseignement Luis Naón prend la responsabilité du Département de Composition et Nouvelles Technologies du Conservatoire National Supérieur de Musique de Paris en 2001. Il a contribué largement à la formation de la jeune génération de compositeurs en France. 1983/91 Professeur d&#8217;Harmonie et Analyse, Conservatoire de Noisy-le-Sec, France. 1984/87 Séminaires &hellip; Continue reading Pedagogic activity &rarr;" />
<meta property="og:url" content="https://luisnaon.com/en/luis-naon/pedagogic-activity/" />
<meta property="og:site_name" content="Luis Naón / compositeur" />
<meta property="article:modified_time" content="2023-07-10T12:23:26+00:00" />
<meta property="og:image" content="https://luisnaon.com/wp-content/uploads/2014/11/cadre_agenda19.jpg" />
<meta name="twitter:label1" content="Est. reading time" />
	<meta name="twitter:data1" content="2 minutes" />
<script type="application/ld+json" class="yoast-schema-graph">{"@context":"https:\/\/schema.org","@graph":[{"@type":"WebPage","@id":"https:\/\/luisnaon.com\/en\/luis-naon\/pedagogic-activity\/","url":"https:\/\/luisnaon.com\/en\/luis-naon\/pedagogic-activity\/","name":"Pedagogic activity - Luis Naón \/ compositeur","isPartOf":{"@id":"https:\/\/luisnaon.com\/#website"},"primaryImageOfPage":{"@id":"https:\/\/luisnaon.com\/en\/luis-naon\/pedagogic-activity\/#primaryimage"},"image":{"@id":"https:\/\/luisnaon.com\/en\/luis-naon\/pedagogic-activity\/#primaryimage"},"thumbnailUrl":"https:\/\/luisnaon.com\/wp-content\/uploads\/2014\/11\/cadre_agenda19.jpg","datePublished":"2020-03-01T09:52:53+00:00","dateModified":"2023-07-10T12:23:26+00:00","breadcrumb":{"@id":"https:\/\/luisnaon.com\/en\/luis-naon\/pedagogic-activity\/#breadcrumb"},"inLanguage":"en-US","potentialAction":[{"@type":"ReadAction","target":["https:\/\/luisnaon.com\/en\/luis-naon\/pedagogic-activity\/"]}]},{"@type":"ImageObject","inLanguage":"en-US","@id":"https:\/\/luisnaon.com\/en\/luis-naon\/pedagogic-activity\/#primaryimage","url":"https:\/\/luisnaon.com\/wp-content\/uploads\/2014\/11\/cadre_agenda19.jpg","contentUrl":"https:\/\/luisnaon.com\/wp-content\/uploads\/2014\/11\/cadre_agenda19.jpg"},{"@type":"BreadcrumbList","@id":"https:\/\/luisnaon.com\/en\/luis-naon\/pedagogic-activity\/#breadcrumb","itemListElement":[{"@type":"ListItem","position":1,"name":"Accueil","item":"https:\/\/luisnaon.com\/en\/"},{"@type":"ListItem","position":2,"name":"Luis Naón","item":"https:\/\/luisnaon.com\/en\/luis-naon\/"},{"@type":"ListItem","position":3,"name":"Pedagogic activity"}]},{"@type":"WebSite","@id":"https:\/\/luisnaon.com\/#website","url":"https:\/\/luisnaon.com\/","name":"Luis Naón \/ compositeur","description":"","potentialAction":[{"@type":"SearchAction","target":{"@type":"EntryPoint","urlTemplate":"https:\/\/luisnaon.com\/?s={search_term_string}"},"query-input":{"@type":"PropertyValueSpecification","valueRequired":true,"valueName":"search_term_string"}}],"inLanguage":"en-US"}]}</script>
<!-- / Yoast SEO plugin. -->

Pedagogic activity - Luis Naón / compositeur

Photo: Arthur Péquin Dans le domaine de l’enseignement Luis Naón prend la responsabilité du Département de Composition et Nouvelles Technologies du Conservatoire National Supérieur de Musique de Paris en 2001. Il a contribué largement à la formation de la jeune génération de compositeurs en France. 1983/91 Professeur d&#8217;Harmonie et Analyse, Conservatoire de Noisy-le-Sec, France. 1984/87 Séminaires &hellip; Continue reading Pedagogic activity &rarr;

Luis Naón / compositeur

Luis Naón
